{"id":344,"date":"2015-02-28T21:07:23","date_gmt":"2015-02-28T21:07:23","guid":{"rendered":"http:\/\/demo.cmssuperheroes.com\/themeforest\/wp-spectrum-joinery\/?page_id=344"},"modified":"2020-09-25T18:16:03","modified_gmt":"2020-09-25T18:16:03","slug":"nosotros","status":"publish","type":"page","link":"https:\/\/envasesaguila.cl\/web\/nosotros\/","title":{"rendered":"Nosotros"},"content":{"rendered":"<p>[vc_row css=&#8221;.vc_custom_1424342420609{padding-bottom: 90px !important;}&#8221;][vc_column width=&#8221;1\/2&#8243; css=&#8221;.vc_custom_1424341462182{padding-right: 20px !important;}&#8221;][vc_custom_heading text=&#8221;Nosotros&#8221; font_container=&#8221;tag:h2|font_size:22px|text_align:left|color:%23222222|line_height:26px&#8221; google_fonts=&#8221;font_family:Raleway%3A100%2C200%2C300%2Cregular%2C500%2C600%2C700%2C800%2C900|font_style:700%20bold%20regular%3A700%3Anormal&#8221;][vc_separator color=&#8221;custom&#8221; border_width=&#8221;4&#8243; el_width=&#8221;50&#8243; custom_sparator_width=&#8221;75px&#8221; accent_color=&#8221;#ffcb07&#8243;][vc_empty_space height=&#8221;30px&#8221;][vc_column_text]<\/p>\n<p>Fundada en 1977,\u00a0<strong>Envases y Litograf\u00eda \u00c1guila S.A.<\/strong>\u00a0se ha desempe\u00f1ado como una empresa l\u00edder en la fabricaci\u00f3n de envases met\u00e1licos. Nuestro crecimiento, gracias a la confianza de nuestros clientes, nos ha\u00a0\u00a0 permitido un desarrollo constante en el tiempo y posicionarnos como una empresa de renombre en el sector industrial, tanto nacional como internacional.<\/p>\n<p>Contamos con personal altamente comprometido y capacitado para enfrentar los desaf\u00edos que nos ha presentado el mercado y junto a nuestros proveedores de excelencia, hemos logrado durante m\u00e1s de 40 a\u00f1os, entregar envases de primera calidad.<\/p>\n<p>Tras una larga historia de esfuerzos y \u00e9xitos, en 2016 la compa\u00f1\u00eda se incorpora a <strong>Grupo Comeca<\/strong>, importante holding empresarial costarricense que se ha desarrollado principalmente en negocios de soluciones de empaque, con m\u00e1s de 25 plantas desde Canad\u00e1 hasta Chile dedicadas a la fabricaci\u00f3n de empaques de cart\u00f3n corrugado, productos de papel, empaques plegadizos, envases de hojalata y envases de pl\u00e1stico, entre otros.<\/p>\n<p>[\/vc_column_text][\/vc_column][vc_column width=&#8221;1\/2&#8243;][vc_custom_heading text=&#8221;Misi\u00f3n&#8221; font_container=&#8221;tag:h2|font_size:22px|text_align:left|color:%23222222|line_height:26px&#8221; google_fonts=&#8221;font_family:Raleway%3A100%2C200%2C300%2Cregular%2C500%2C600%2C700%2C800%2C900|font_style:700%20bold%20regular%3A700%3Anormal&#8221;][vc_separator color=&#8221;custom&#8221; border_width=&#8221;4&#8243; el_width=&#8221;50&#8243; custom_sparator_width=&#8221;75px&#8221; accent_color=&#8221;#ffcb07&#8243;][vc_empty_space height=&#8221;30px&#8221;][vc_column_text]<\/p>\n<p style=\"text-align: justify;\">Satisfacer las necesidades de nuestros clientes suministr\u00e1ndoles oportunamente soluciones de envases de calidad, durables y a precios competitivos, fabricados con el m\u00e1s estricto cumplimiento de la normativa legal, en un entorno seguro y con el debido cuidado del medioambiente.<\/p>\n<p>[\/vc_column_text][vc_empty_space height=&#8221;30px&#8221;][vc_custom_heading text=&#8221;Visi\u00f3n&#8221; font_container=&#8221;tag:h2|font_size:22px|text_align:left|color:%23222222|line_height:26px&#8221; google_fonts=&#8221;font_family:Raleway%3A100%2C200%2C300%2Cregular%2C500%2C600%2C700%2C800%2C900|font_style:700%20bold%20regular%3A700%3Anormal&#8221;][vc_separator color=&#8221;custom&#8221; border_width=&#8221;4&#8243; el_width=&#8221;50&#8243; custom_sparator_width=&#8221;75px&#8221; accent_color=&#8221;#ffcb07&#8243;][vc_empty_space height=&#8221;30px&#8221;][vc_column_text]<\/p>\n<p style=\"text-align: justify;\">Ser reconocidos como la empresa l\u00edder en Chile en cuanto a volumen y servicio al cliente, en la fabricaci\u00f3n y comercializaci\u00f3n de soluciones de envases para pinturas, adhesivos, decorativos, alimentos secos y servicio de barnizado y litograf\u00eda con altos est\u00e1ndares de calidad y excelencia de servicio.<\/p>\n<p>[\/vc_column_text][vc_empty_space height=&#8221;30px&#8221;][vc_custom_heading text=&#8221;Valores&#8221; font_container=&#8221;tag:h2|font_size:22px|text_align:left|color:%23222222|line_height:26px&#8221; google_fonts=&#8221;font_family:Raleway%3A100%2C200%2C300%2Cregular%2C500%2C600%2C700%2C800%2C900|font_style:700%20bold%20regular%3A700%3Anormal&#8221;][vc_separator color=&#8221;custom&#8221; border_width=&#8221;4&#8243; el_width=&#8221;50&#8243; custom_sparator_width=&#8221;75px&#8221; accent_color=&#8221;#ffcb07&#8243;][vc_empty_space height=&#8221;30px&#8221;][vc_column_text]<\/p>\n<ul>\n<li style=\"text-align: justify;\"><strong>Respeto:<\/strong> Con la sociedad, nuestra gente, las leyes y el medio ambiente.<\/li>\n<li style=\"text-align: justify;\"><strong>Compromiso:<\/strong> Con el trabajo bien hecho y con el cumplimiento de lo prometido.<\/li>\n<li style=\"text-align: justify;\"><strong>Honestidad:<\/strong> Conducta que es compartida por toda la organizaci\u00f3n.<\/li>\n<li style=\"text-align: justify;\"><strong>Satisfacci\u00f3n al cliente:<\/strong> Estamos comprometidos con una cultura de satisfacci\u00f3n total de nuestros clientes.<\/li>\n<li style=\"text-align: justify;\"><strong>Desarrollo Humano:<\/strong> Hemos adquirido un compromiso por el crecimiento de nuestros colaboradores a trav\u00e9s de su entrenamiento y la capacitaci\u00f3n permanente para mejorar su desempe\u00f1o as\u00ed como su realizaci\u00f3n integral.<\/li>\n<li style=\"text-align: justify;\"><strong>Rentabilidad:<\/strong> Creemos en el retorno sobre la inversi\u00f3n y sobre las ventas, lograda con base en comportamientos estrechamente orientados hacia la eficiencia en la utilizaci\u00f3n de los recursos, la austeridad y la eficacia en la consecuci\u00f3n de nuestras metas.<\/li>\n<\/ul>\n<p>[\/vc_column_text][\/vc_column][\/vc_row][vc_row type=&#8221;ww-custom&#8221; engle_position=&#8221;engle-top-right&#8221; height_engle=&#8221;250px&#8221; engle_color=&#8221;#f5f5f5&#8243; engle_position_duplicate=&#8221;engle-bottom-right&#8221; engle_uplicated_height=&#8221;250px&#8221; engle_duplicated_color=&#8221;#ffffff&#8221; parallax_speed=&#8221;0.6&#8243; bg_video_color=&#8221;#000000&#8243; bg_video_transparent=&#8221;0.8&#8243; css=&#8221;.vc_custom_1425158378445{padding-top: 70px !important;padding-bottom: 30px !important;background-color: #f5f5f5 !important;}&#8221;][vc_column][vc_custom_heading text=&#8221;\u00bfPor qu\u00e9 Envases \u00c1guila?&#8221; font_container=&#8221;tag:h2|font_size:22px|text_align:center|color:%23222222|line_height:26px&#8221; google_fonts=&#8221;font_family:Raleway%3A100%2C200%2C300%2Cregular%2C500%2C600%2C700%2C800%2C900|font_style:700%20bold%20regular%3A700%3Anormal&#8221;][vc_separator color=&#8221;custom&#8221; align=&#8221;center&#8221; border_width=&#8221;4&#8243; el_width=&#8221;50&#8243; custom_sparator_width=&#8221;75px&#8221; accent_color=&#8221;#ffcb07&#8243;][vc_empty_space height=&#8221;20px&#8221;][\/vc_column][\/vc_row][vc_row parallax=&#8221;content-moving&#8221; animation=&#8221;fade-in&#8221; css=&#8221;.vc_custom_1451101333932{padding-bottom: 50px !important;background-color: #f5f5f5 !important;}&#8221;][vc_column width=&#8221;1\/4&#8243; offset=&#8221;vc_col-lg-4 vc_col-md-3 vc_col-xs-12&#8243;][vc_empty_space height=&#8221;10px&#8221;]<div id=\"cshero-fancybox69e505b2444fa_1776616882\" class=\"cshero-fancybox-wrap fancybox-layout1  text-center \" style=\"border-color: transparent;   \">\r\n    <style type=\"text\/css\" scoped>\r\n        #cshero-fancybox69e505b2444fa_1776616882.fancybox-layout1:hover .fancy-icon {\r\n            background-color:#ffcb07 !important;\r\n            border-color: !important;\r\n            color:#ffffff !important;\r\n        }\r\n\r\n        #cshero-fancybox69e505b2444fa_1776616882.fancybox-layout1 .fancy-icon.icon-hover-style-1:after{\r\n    \t\t-webkit-border-radius:100%;\r\n    \t\t-moz-border-radius:100%;\r\n    \t\t-ms-border-radius:100%;\r\n    \t\t-o-border-radius:100%;\r\n    \t\tborder-radius:100%;\r\n    \t\tbackground-color:#ffcb07;\r\n    \t\tborder-width:;\r\n    \t\tborder-style:none;\r\n    \t\tborder-color:;\r\n\t   }\r\n        \r\n        \r\n                #cshero-fancybox69e505b2444fa_1776616882 .content {\r\n            color: #888888;\r\n        }\r\n        \r\n              #cshero-fancybox69e505b2444fa_1776616882:hover .cshero-title-main {\r\n            color: #ffcb07;\r\n       }\r\n              \t<\/style>\r\n    <div class=\"cshero-fancybox-title-image\">\r\n                    <a title=\"\" href=\"#\">\r\n                            <i class=\"fancy-icon icon-hover-style-1 fa fa fa-asterisk\" style=\"text-align:center; font-size: 38px; color: #ffffff; background-color: #ffcb07; width: 70px; height: 70px; line-height: 70px; border-style: none;   border-radius: 100%; \n                    -webkit-border-radius: 100%;\n                    -moz-border-radius: 100%;\n                    -ms-border-radius: 100%;\n                    -o-border-radius: 100%;\"><\/i>\r\n                            <\/a>\r\n                <h5 class=\"cshero-fancybox-title-wrap\" style=\"color: #222222; margin: 20px 0 10px 0; text-transform: uppercase;\" >\r\n            <span class=\"cshero-title-main\">Fabricamos Envases desde 1977<\/span>\r\n        <\/h5>\r\n            <\/div>\r\n    <\/div>\r\n[vc_empty_space height=&#8221;50px&#8221;][vc_column_text]Nuestras 4 d\u00e9cadas como fabricante de envases met\u00e1licos nos ha permitido lograr una alta experiencia en el rubro.[\/vc_column_text][\/vc_column][vc_column width=&#8221;1\/6&#8243; offset=&#8221;vc_col-lg-4 vc_col-md-3 vc_col-xs-12&#8243;][vc_empty_space height=&#8221;10px&#8221;]<div id=\"cshero-fancybox69e505b2445e6_1776616882\" class=\"cshero-fancybox-wrap fancybox-layout1  text-center \" style=\"border-color: transparent;   \">\r\n    <style type=\"text\/css\" scoped>\r\n        #cshero-fancybox69e505b2445e6_1776616882.fancybox-layout1:hover .fancy-icon {\r\n            background-color:#ffcb07 !important;\r\n            border-color: !important;\r\n            color:#ffffff !important;\r\n        }\r\n\r\n        #cshero-fancybox69e505b2445e6_1776616882.fancybox-layout1 .fancy-icon.icon-hover-style-1:after{\r\n    \t\t-webkit-border-radius:100%;\r\n    \t\t-moz-border-radius:100%;\r\n    \t\t-ms-border-radius:100%;\r\n    \t\t-o-border-radius:100%;\r\n    \t\tborder-radius:100%;\r\n    \t\tbackground-color:#ffcb07;\r\n    \t\tborder-width:;\r\n    \t\tborder-style:none;\r\n    \t\tborder-color:;\r\n\t   }\r\n        \r\n        \r\n                #cshero-fancybox69e505b2445e6_1776616882 .content {\r\n            color: #888888;\r\n        }\r\n        \r\n              #cshero-fancybox69e505b2445e6_1776616882:hover .cshero-title-main {\r\n            color: #ffcb07;\r\n       }\r\n              \t<\/style>\r\n    <div class=\"cshero-fancybox-title-image\">\r\n                            <i class=\"fancy-icon icon-hover-style-1 fa fa fa-star\" style=\"text-align:center; font-size: 38px; color: #ffffff; background-color: #ffcb07; width: 70px; height: 70px; line-height: 70px; border-style: none;   border-radius: 100%; \n                    -webkit-border-radius: 100%;\n                    -moz-border-radius: 100%;\n                    -ms-border-radius: 100%;\n                    -o-border-radius: 100%;\"><\/i>\r\n                        <h5 class=\"cshero-fancybox-title-wrap\" style=\"color: #222222; margin: 20px 0 10px 0; text-transform: uppercase;\" >\r\n            <span class=\"cshero-title-main\"> Innovaci\u00f3n<\/span>\r\n        <\/h5>\r\n            <\/div>\r\n    <\/div>\r\n[vc_empty_space height=&#8221;50px&#8221;][vc_column_text]Nos mueve el deseo de innovar y la pasi\u00f3n por el logro de la m\u00e1xima calidad para nuestros clientes, es por eso que hoy contamos con un moderno centro de Pre-Prensa, equipado con tecnolog\u00eda de \u00faltima generaci\u00f3n en maquinaria CTP lo cual nos permite dise\u00f1ar y desarrollar Litograf\u00edas de nivel mundial.[\/vc_column_text][\/vc_column][vc_column width=&#8221;1\/2&#8243; offset=&#8221;vc_col-lg-4 vc_col-md-3 vc_col-xs-12&#8243;][vc_empty_space height=&#8221;10px&#8221;]<div id=\"cshero-fancybox69e505b24468f_1776616882\" class=\"cshero-fancybox-wrap fancybox-layout1  text-center \" style=\"border-color: transparent;   \">\r\n    <style type=\"text\/css\" scoped>\r\n        #cshero-fancybox69e505b24468f_1776616882.fancybox-layout1:hover .fancy-icon {\r\n            background-color:#ffcb07 !important;\r\n            border-color: !important;\r\n            color:#ffffff !important;\r\n        }\r\n\r\n        #cshero-fancybox69e505b24468f_1776616882.fancybox-layout1 .fancy-icon.icon-hover-style-1:after{\r\n    \t\t-webkit-border-radius:100%;\r\n    \t\t-moz-border-radius:100%;\r\n    \t\t-ms-border-radius:100%;\r\n    \t\t-o-border-radius:100%;\r\n    \t\tborder-radius:100%;\r\n    \t\tbackground-color:#ffcb07;\r\n    \t\tborder-width:;\r\n    \t\tborder-style:none;\r\n    \t\tborder-color:;\r\n\t   }\r\n        \r\n        \r\n                #cshero-fancybox69e505b24468f_1776616882 .content {\r\n            color: #888888;\r\n        }\r\n        \r\n              #cshero-fancybox69e505b24468f_1776616882:hover .cshero-title-main {\r\n            color: #ffcb07;\r\n       }\r\n              \t<\/style>\r\n    <div class=\"cshero-fancybox-title-image\">\r\n                            <i class=\"fancy-icon icon-hover-style-1 fa fa fa-cogs\" style=\"text-align:center; font-size: 38px; color: #ffffff; background-color: #ffcb07; width: 70px; height: 70px; line-height: 70px; border-style: none;   border-radius: 100%; \n                    -webkit-border-radius: 100%;\n                    -moz-border-radius: 100%;\n                    -ms-border-radius: 100%;\n                    -o-border-radius: 100%;\"><\/i>\r\n                        <h5 class=\"cshero-fancybox-title-wrap\" style=\"color: #222222; margin: 20px 0 10px 0; text-transform: uppercase;\" >\r\n            <span class=\"cshero-title-main\">Automatizaci\u00f3n y Tecnolog\u00eda<\/span>\r\n        <\/h5>\r\n            <\/div>\r\n    <\/div>\r\n[vc_empty_space height=&#8221;50px&#8221;][vc_column_text]A trav\u00e9s de la automatizaci\u00f3n y la tecnolog\u00eda hemos sido capaces de aumentar la productividad, lo cual se ha traducido en reducci\u00f3n en plazos de entrega y mejoras en la calidad de nuestros productos.[\/vc_column_text][\/vc_column][\/vc_row]<\/p>\n","protected":false},"excerpt":{"rendered":"<p>[vc_row css=&#8221;.vc_custom_1424342420609{padding-bottom: 90px !important;}&#8221;][vc_column width=&#8221;1\/2&#8243; css=&#8221;.vc_custom_1424341462182{padding-right: 20px !important;}&#8221;][vc_custom_heading text=&#8221;Nosotros&#8221; font_container=&#8221;tag:h2|font_size:22px|text_align:left|color:%23222222|line_height:26px&#8221; google_fonts=&#8221;font_family:Raleway%3A100%2C200%2C300%2Cregular%2C500%2C600%2C700%2C800%2C900|font_style:700%20bold%20regular%3A700%3Anormal&#8221;][vc_separator color=&#8221;custom&#8221; border_width=&#8221;4&#8243; el_width=&#8221;50&#8243; custom_sparator_width=&#8221;75px&#8221; accent_color=&#8221;#ffcb07&#8243;][vc_empty_space height=&#8221;30px&#8221;][vc_column_text] Fundada en 1977,\u00a0Envases y Litograf\u00eda \u00c1guila S.A.\u00a0se ha desempe\u00f1ado como una empresa l\u00edder en la fabricaci\u00f3n de envases met\u00e1licos. Nuestro crecimiento, gracias a la confianza de nuestros clientes, nos ha\u00a0\u00a0 permitido un desarrollo constante en el tiempo y [&hellip;]<\/p>\n","protected":false},"author":1,"featured_media":0,"parent":0,"menu_order":0,"comment_status":"open","ping_status":"open","template":"","meta":[],"yoast_head":"<!-- This site is optimized with the Yoast SEO plugin v14.9 - https:\/\/yoast.com\/wordpress\/plugins\/seo\/ -->\n<title>Nosotros - Envases Aguila<\/title>\n<meta name=\"robots\" content=\"index, follow, max-snippet:-1, max-image-preview:large, max-video-preview:-1\" \/>\n<link rel=\"canonical\" href=\"https:\/\/envasesaguila.cl\/web\/nosotros\/\" \/>\n<meta property=\"og:locale\" content=\"es_ES\" \/>\n<meta property=\"og:type\" content=\"article\" \/>\n<meta property=\"og:title\" content=\"Nosotros - Envases Aguila\" \/>\n<meta property=\"og:description\" content=\"[vc_row css=&#8221;.vc_custom_1424342420609{padding-bottom: 90px !important;}&#8221;][vc_column width=&#8221;1\/2&#8243; css=&#8221;.vc_custom_1424341462182{padding-right: 20px !important;}&#8221;][vc_custom_heading text=&#8221;Nosotros&#8221; font_container=&#8221;tag:h2|font_size:22px|text_align:left|color:%23222222|line_height:26px&#8221; google_fonts=&#8221;font_family:Raleway%3A100%2C200%2C300%2Cregular%2C500%2C600%2C700%2C800%2C900|font_style:700%20bold%20regular%3A700%3Anormal&#8221;][vc_separator color=&#8221;custom&#8221; border_width=&#8221;4&#8243; el_width=&#8221;50&#8243; custom_sparator_width=&#8221;75px&#8221; accent_color=&#8221;#ffcb07&#8243;][vc_empty_space height=&#8221;30px&#8221;][vc_column_text] Fundada en 1977,\u00a0Envases y Litograf\u00eda \u00c1guila S.A.\u00a0se ha desempe\u00f1ado como una empresa l\u00edder en la fabricaci\u00f3n de envases met\u00e1licos. Nuestro crecimiento, gracias a la confianza de nuestros clientes, nos ha\u00a0\u00a0 permitido un desarrollo constante en el tiempo y [&hellip;]\" \/>\n<meta property=\"og:url\" content=\"https:\/\/envasesaguila.cl\/web\/nosotros\/\" \/>\n<meta property=\"og:site_name\" content=\"Envases Aguila\" \/>\n<meta property=\"article:modified_time\" content=\"2020-09-25T18:16:03+00:00\" \/>\n<meta name=\"twitter:card\" content=\"summary\" \/>\n<script type=\"application\/ld+json\" class=\"yoast-schema-graph\">{\"@context\":\"https:\/\/schema.org\",\"@graph\":[{\"@type\":\"Organization\",\"@id\":\"https:\/\/envasesaguila.cl\/web\/#organization\",\"name\":\"Envases y Litograf\\u00eda Aguila S.A.\",\"url\":\"https:\/\/envasesaguila.cl\/web\/\",\"sameAs\":[],\"logo\":{\"@type\":\"ImageObject\",\"@id\":\"https:\/\/envasesaguila.cl\/web\/#logo\",\"inLanguage\":\"es\",\"url\":\"https:\/\/envasesaguila.cl\/web\/wp-content\/uploads\/2016\/03\/envases-y-litografia-aguila.png\",\"width\":225,\"height\":60,\"caption\":\"Envases y Litograf\\u00eda Aguila S.A.\"},\"image\":{\"@id\":\"https:\/\/envasesaguila.cl\/web\/#logo\"}},{\"@type\":\"WebSite\",\"@id\":\"https:\/\/envasesaguila.cl\/web\/#website\",\"url\":\"https:\/\/envasesaguila.cl\/web\/\",\"name\":\"Envases Aguila\",\"description\":\"\",\"publisher\":{\"@id\":\"https:\/\/envasesaguila.cl\/web\/#organization\"},\"potentialAction\":[{\"@type\":\"SearchAction\",\"target\":\"https:\/\/envasesaguila.cl\/web\/?s={search_term_string}\",\"query-input\":\"required name=search_term_string\"}],\"inLanguage\":\"es\"},{\"@type\":\"WebPage\",\"@id\":\"https:\/\/envasesaguila.cl\/web\/nosotros\/#webpage\",\"url\":\"https:\/\/envasesaguila.cl\/web\/nosotros\/\",\"name\":\"Nosotros - Envases Aguila\",\"isPartOf\":{\"@id\":\"https:\/\/envasesaguila.cl\/web\/#website\"},\"datePublished\":\"2015-02-28T21:07:23+00:00\",\"dateModified\":\"2020-09-25T18:16:03+00:00\",\"inLanguage\":\"es\",\"potentialAction\":[{\"@type\":\"ReadAction\",\"target\":[\"https:\/\/envasesaguila.cl\/web\/nosotros\/\"]}]}]}<\/script>\n<!-- \/ Yoast SEO plugin. -->","_links":{"self":[{"href":"https:\/\/envasesaguila.cl\/web\/wp-json\/wp\/v2\/pages\/344"}],"collection":[{"href":"https:\/\/envasesaguila.cl\/web\/wp-json\/wp\/v2\/pages"}],"about":[{"href":"https:\/\/envasesaguila.cl\/web\/wp-json\/wp\/v2\/types\/page"}],"author":[{"embeddable":true,"href":"https:\/\/envasesaguila.cl\/web\/wp-json\/wp\/v2\/users\/1"}],"replies":[{"embeddable":true,"href":"https:\/\/envasesaguila.cl\/web\/wp-json\/wp\/v2\/comments?post=344"}],"version-history":[{"count":40,"href":"https:\/\/envasesaguila.cl\/web\/wp-json\/wp\/v2\/pages\/344\/revisions"}],"predecessor-version":[{"id":2293,"href":"https:\/\/envasesaguila.cl\/web\/wp-json\/wp\/v2\/pages\/344\/revisions\/2293"}],"wp:attachment":[{"href":"https:\/\/envasesaguila.cl\/web\/wp-json\/wp\/v2\/media?parent=344"}],"curies":[{"name":"wp","href":"https:\/\/api.w.org\/{rel}","templated":true}]}}